10. Determine s(-7).
763
Let l(a) = -a**2 + 80*a - 1160. Give l(23).
151
Let u(t) = -t**3 - 7*t**2 - 23*t - 170. Give u(-7).
-9
Let j(h) = h**3 - 91*h**2 + 433*h - 281. Calculate j(86).
-23
Let k(u) = 48*u - 2928. Give k(62).
48
Let o(x) = -80*x - 2512. Calculate o(-31).
-32
Let y(i) = -2*i**2 + 34*i + 4. Give y(3).
88
Let h(i) = 2*i**3 - 24*i**2 - 123*i + 11. Give h(16).
91
Let s(i) = -2*i**3 - 7*i**2 - i + 14. Give s(-4).
34
Let m(h) = -139*h + 2493. Give m(18).
-9
Let v(m) = -m**3 - 12*m**2 - 7*m - 14. What is v(-9)?
-194
Let s(x) = -19*x**3 + 4*x**2 + 24*x + 50. Calculate s(-3).
527
Let m(q) = 10*q - 130. Calculate m(20).
70
Let v(m) = m**2 - 54*m - 564. Give v(0).
-564
Let f(t) = -t**3 + 5*t**2 + 22*t + 47. Calculate f(-2).
31
Let x(b) = -2*b**3 + 37*b**2 - 57*b + 65. What is x(17)?
-37
Let n(o) = -5*o - 137. Calculate n(-38).
53
Let p(h) = 198*h - 2190. Calculate p(11).
-12
Let x(u) = -3*u**3 - 12*u**2 + 25*u + 10. Give x(-6).
76
Let h(o) = -o**3 + 4*o**2 - 10*o + 73. Determine h(5).
-2
Let v(n) = -23*n - 162. What is v(-10)?
68
Let g(x) = -x**2 - 83*x - 838. Calculate g(-12).
14
Let a(d) = d**3 - 6*d**2 - 8*d - 63. Give a(8).
1
Let l(r) = 697*r + 13941. Calculate l(-20).
1
Let r(d) = -d**2 + 1538*d + 13912. Determine r(-9).
-11
Let z(d) = -2*d - 90. Calculate z(-77).
64
Let v(r) = 1705*r - 1692. What is v(1)?
13
Let f(g) = g**3 + 28*g**2 + 30*g + 1. Determine f(-27).
-80
Let m(y) = 21*y**2 - 1705*y + 327. Give m(81).
3
Let r(l) = 9*l**2 + 50*l + 49. Determine r(-1).
8
Let b(g) = -2*g**3 - 131*g**2 + 65*g - 56. Give b(-66).
10
Let c(k) = -k**2 - 26*k + 725. What is c(16)?
53
Let x(h) = 76*h + 710. Determine x(-9).
26
Let s(d) = d**2 - 47*d + 240. Give s(38).
-102
Let d(k) = 2*k**3 - 111*k**2 - 15*k - 2284. Calculate d(56).
12
Let j(x) = -95*x - 1356. Calculate j(-15).
69
Let i(y) = 1003*y - 5101. Give i(5).
-86
Let u(f) = 185*f - 1649. Calculate u(9).
16
Let l(a) = 4*a**2 - 180*a - 186. What is l(46)?
-2
Let u(q) = -25*q - 66. Calculate u(2).
-116
Let x(o) = -2*o**3 + 15*o**2 - 40*o + 9. Determine x(2).
-27
Let t(d) = 7*d - 235. Give t(8).
-179
Let l(w) = -241*w + 9401. What is l(39)?
2
Let i(t) = t**3 - 12*t**2 - 3*t + 223. Determine i(6).
-11
Let f(k) = k**3 + 19*k**2 + 20*k - 10. Give f(-7).
438
Let s(n) = -6*n**2 + 14*n + 70. Give s(-5).
-150
Let s(k) = -k**3 + 19*k**2 + 299. Calculate s(0).
299
Let y(u) = u**3 + u**2 + 7*u - 17. Calculate y(-5).
-152
Let o(b) = 160*b - 639. Give o(4).
1
Let r(v) = -258*v + 66823. Determine r(259).
1
Let x(d) = d**2 - 25*d - 599. Determine x(0).
-599
Let q(w) = -62*w - 344. Give q(-5).
-34
Let s(c) = 48*c + 726. Determine s(-15).
6
Let u(q) = -159*q + 2393. Determine u(15).
8
Let f(x) = 2*x**3 - 28*x**2 + 345*x - 4151. Give f(13).
-4
Let h(w) = w**3 - 2*w**2 - 31*w + 103. Calculate h(6).
61
Let d(w) = -w**3 + 29*w**2 - 80*w + 72. Determine d(26).
20
Let r(b) = 10*b**2 - 10*b - 38. Calculate r(-5).
262
Let y(h) = 1766*h + 10562. Calculate y(-6).
-34
Let t(f) = 2*f**2 - 50*f + 9. Determine t(20).
-191
Let s(m) = -222*m - 18658. Determine s(-84).
-10
Let j(o) = o**3 + 88*o**2 + 7*o + 619. Determine j(-88).
3
Let n(b) = -109*b + 6914. Calculate n(63).
47
Let c(p) = -p**2 + 707*p + 17545. Give c(-24).
1
Let x(r) = 161*r - 3760. Calculate x(23).
-57
Let h(r) = 18*r - 15. Give h(0).
-15
Let v(s) = s**3 - 6*s**2 - 3*s - 49. What is v(7)?
-21
Let d(k) = -15*k**2 + 17*k - 19. Give d(3).
-103
Let j(b) = -125*b - 4875. Give j(-39).
0
Let l(z) = 122*z + 243. What is l(-2)?
-1
Let u(n) = -2*n - 7. Determine u(1).
-9
Let d(r) = -r**3 - 38*r**2 - 71*r + 43. Calculate d(-36).
7
Let u(s) = 2*s**3 - 53*s**2 + 124*s + 32. What is u(24)?
128
Let r(k) = 29*k - 1606. Give r(49).
-185
Let m(a) = a**3 + 149*a**2 - 451*a + 769. What is m(-152)?
9
Let q(l) = l**2 - 20*l - 2. Determine q(20).
-2
Let l(s) = s**2 + 995*s + 5929. Calculate l(-6).
-5
Let j(f) = -f**2 + 5*f + 37. Determine j(5).
37
Let x(g) = 2*g**3 + 22*g**2 - 51*g + 10. Determine x(-13).
-3
Let h(q) = 7*q**2 - 1114*q - 113. Determine h(159).
-272
Let t(p) = 7*p**3 - 9*p**2 - 8*p - 23. What is t(-4)?
-583
Let r(a) = -2*a**2 + 27*a + 64. Calculate r(15).
19
Let d(f) = -f**3 + 4*f**2 - 24*f + 1. What is d(3)?
-62
Let h(l) = l**3 + 2*l**2 + 241*l + 1942. Calculate h(-7).
10
Let t(z) = -70*z - 712. Calculate t(-10).
-12
Let f(b) = 2*b**3 - 108*b**2 - 16*b + 714. What is f(54)?
-150
Let u(b) = -18*b**3 - 109*b**2 - 5*b - 22. What is u(-6)?
-28
Let q(c) = -c**3 + 6*c**2 + 15*c - 167. Calculate q(6).
-77
Let t(i) = 415*i - 5402. What is t(13)?
-7
Let q(d) = -23*d + 9. Determine q(-3).
78
Let h(v) = 3*v**2 - 45*v - 31. What is h(16)?
17
Let z(w) = 21*w - 43. Give z(3).
20
Let f(z) = -111*z + 9919. What is f(89)?
40
Let w(o) = 15*o**2 - 6*o - 65. Give w(0).
-65
Let n(y) = 106*y + 936. Give n(-17).
-866
Let t(z) = -z**3 - 13*z**2 - 19*z - 26. What is t(-11)?
-59
Let x(a) = -a**2 - 31*a - 40. Determine x(-39).
-352
Let a(g) = g**3 - 3*g**2 + 262*g - 2039. Determine a(7).
-9
Let p(c) = 1905*c + 7621. Determine p(-4).
1
Let k(n) = -72*n - 480. Determine k(-6).
-48
Let u(z) = z**3 - 32*z**2 - 640*z - 126. Give u(46).
58
Let x(k) = k**3 - 8*k**2 - 11*k - 57. What is x(10)?
33
Let r(a) = -2*a**2 - 86*a - 259. What is r(-39)?
53
Let v(l) = -108*l - 330. Give v(-3).
-6
Let z(l) = l**3 - l**2 + 45*l - 233. Give z(5).
92
Let m(d) = 82*d + 201. Give m(-3).
-45
Let x(i) = -56*i**2 - 7*i - 7. What is x(-1)?
-56
Let b(l) = -533*l - 2057. What is b(-4)?
75
Let r(o) = 30*o + 406. Determine r(-21).
-224
Let p(c) = 5*c**2 + 2451*c + 4896. Calculate p(-2).
14
Let v(j) = -24*j**2 - 73*j - 14. What is v(-5)?
-249
Let d(v) = -v**2 + 52*v - 89. Calculate d(49).
58
Let m(u) = -u**3 + u**2 - 8*u + 3. Give m(6).
-225
Let d(q) = 23*q - 831. Calculate d(35).
-26
Let w(p) = 177*p + 21242. Give w(-120).
2
Let f(w) = 51*w + 110. Give f(-3).
-43
Let v(q) = 11*q - 359. What is v(45)?
136
Let u(s) = -s**3 + 18*s**2 - 59*s + 2591. Calculate u(21).
29
Let x(t) = t**2 + 142*t + 814. Determine x(-6).
-2
Let n(b) = 4*b**3 - 6*b**2 - 18*b + 56. Determine n(3).
56
Let d(n) = -18*n + 3. What is d(1)?
-15
Let g(v) = v**3 - 15*v**2 - 249*v - 32. What is g(25)?
-7
Let o(g) = -21*g**3 + 983*g**2 + 188*g - 4. Give o(47).
-4
Let j(h) = h**2 - 147*h - 2606. Determine j(163).
2
Let u(r) = -r**3 + 80*r**2 - 810*r - 227. Give u(68).
181
Let c(i) = 12*i + 862. Determine c(-76).
-50
Let x(c) = -2*c**3 - 53*c**2 - 68*c - 63. What is x(-25)?
-238
Let j(n) = -3*n**3 + 19*n**2 + 23*n - 83. Give j(7).
-20
Let k(v) = 47*v - 1988. Calculate k(40).
-108
Let b(z) = 2*z - 8. Determine b(-24).
-56
Let x(n) = n**3 + 46*n**2 + 154*n + 4897. Determine x(-45).
-8
Let k(l) = l**2 - 65*l - 3105. Give k(-32).
-1
Let j(f) = -2*f - 10. Calculate j(-8).
6
Let h(l) = -22*l - 664. Calculate h(-31).
18
Let j(a) = 53*a + 526. Give j(-7).
155
Let v(k) = -2*k**3 + 20*k**2 + 5*k + 4. What is v(0)?
4
Let d(c) = -c - 122. Determine d(-35).
-87
Let y(x) = -6*x**3 - x**2 + 2*x + 8. Determine y(-2).
48
Let j(s) = -2*s**2 + 21*s + 19. Determine j(11).
8
Let l(o) = -o**2 - 45*o + 1308. Calculate l(-65).
8
Let f(v) = v**3 - 22*v**2 - 6*v + 97. What is f(2)?
5
Let a(n) = -n**3 - 13*n**2 + 218*n + 510. Calculate a(11).
4
Let x(i) = 134*i**3 - 15*i**2 + 54*i - 39. Calculate x(1).
134
Let t(n) = n**3 - 11*n**2 - 6*n - 14. Give t(10).
-174
Let r(h) = -3*h**3 - 72*h**2 + 153*h - 8. Give r(2).
-14
Let h(j) = -31*j - 1500. Calculate h(-48).
-12
Let w(c) = 10*c**2 - 13*c - 31. What is w(-4)?
181
Let o(k) = -68*k + 35. Calculate o(0).
35
Let c(x) = 25*x**2 + 1101*x + 49. Give c(-44).
5
Let h(a) = -51*a**3 + 24*a + 51. Determine h(-2).
411
Let n(t) = 2*t**3 + 15*t**2 - 51*t. What is n(3)?
36
Let y(k) = -k**2 + 27*k - 87. Determine y(13).
95
Let b(i) = -48*i**2 + 100*i - 192. What is b(2)?
-184
Let w(y) = 5*y**2 + 10*y - 99. Give w(-9).
216
Let p(h) = -30*h**2 + 159*h + 31. Determine p(5).
76
Let d(x) = -x**3 - 20*x**2 - 14*x + 5. Calculate d(-19).
-90
Let r(h) = h**3 - 10*h**2 - 56*h + 453. What is r(8)?
-123
Let t(i) = 239*i + 325. Give t(-6).
-1109
Let y(r) = r**3 + 12*r**2 - 103*r + 23. What is y(-18)?
-67
Let r(j) = -j**3 + 67*j**2 + 361*j - 38. Give r(72).
34
Let g(z) = z - 160. Determine g(31).
-129
Let w(i) = i**3 - 15*i**2 + 7*i - 37. What is w(15)?
68
Let s(c)